t a(r) = -5*r**3 - 3*r**2 + 7*r + 9. Let v be a(-1). Suppose 208 - 196 = -v*t. Determine q(t).
11
Let c(i) = -i + 7. Let z(b) = -b**3 + 15*b**2 + 11*b + 10. Let k be z(16). Let f = -55 - k. Give c(f).
-8
Let y(o) = 2*o**3 - 10*o**2 - 6*o - 9. Let k(s) = -3*s**3 + 19*s**2 + 11*s + 17. Let v(j) = 3*k(j) + 5*y(j). What is v(-7)?
-15
Let c be (-1 - -5) + -4 + -6. Let l(n) = -11*n - 69. Determine l(c).
-3
Let v(g) = 1 + 1 + 3*g - 2*g. Suppose k + 2*x = -3*x + 1, 2*k = x + 46. Suppose -10*h + 55 = -k*h. Calculate v(h).
-3
Suppose 7*v - 13*v = -360. Suppose 13*k + v = 3*k. Let z(g) = g + 5. Give z(k).
-1
Let w(n) = -n - 18. Let u be (3/(7 + -4))/(2/236). Suppose -113*y = -u*y - 40. Calculate w(y).
-10
Let u(b) = -12*b**2 + 6*b - 17. Let g be u(4). Let w = -181 - g. Let v(c) = c**2 - 4*c + 6. Determine v(w).
6
Let j(n) = -2212*n**2 - 11*n**3 + 2204*n**2 + 3*n + 12*n**3 - 7. Determine j(7).
-35
Let j(q) = 2651 + q + 0*q - 2644 - 4*q. What is j(3)?
-2
Let g = -16244 + 16257. Let m(n) = n**3 - 12*n**2 - 19*n + 10. Determine m(g).
-68
Suppose 15*a - 13*a - 4 = 0. Let v(x) = 0*x**2 - x**2 - x + 2*x**3 + 0*x**a + 0*x**2. Suppose 0 = y - 5*y - 4. Give v(y).
-2
Let n(g) = g - 291. Let w(p) = -2*p + 432. Let u(x) = 3*n(x) + 2*w(x). What is u(-3)?
-6
Let i be (2 + 21/(-14))/((-2)/20). Let x(z) = 2*z**2 + 2*z + 10. Let y(l) = 3*l**2 + 2*l + 15. Let m(b) = 8*x(b) - 5*y(b). Calculate m(i).
0
Suppose -v + 73 = -4*d + 9*d, 0 = -d - v + 13. Let y(n) = n**2 - 17*n + 12. Determine y(d).
-18
Let w(f) = f - 1. Let g(y) = -2*y**3 + 25*y**2 + 13*y - 13. Let j be g(13). Let x(u) = -7*u - 89. Let z be x(j). Determine w(z).
1
Let y(s) = -s. Let o(b) = -b**2 + 12*b + 3. Let z(f) = -o(f) - 5*y(f). Let j be (-8)/(1*(-11 - -21)/(-10)). Determine z(j).
5
Let q(x) be the first derivative of 7*x**4/4 - x**2 + 3*x + 903. Determine q(1).
8
Let w(m) = -m**2 - 9*m - 17. Let b = -9587 + 9580. Determine w(b).
-3
Let s(c) = -8*c**2 + 237*c + 3501. Let n(r) = r**2 - 35*r - 500. Let a(o) = 15*n(o) + 2*s(o). What is a(-13)?
-4
Let t(u) be the first derivative of 13*u**2/2 + 160*u + 2186. Determine t(-12).
4
Let a(u) = -2*u**2 + 4*u - 1. Let f be a(1). Let l(d) = 0 + 5*d - 3*d - f + 3. Suppose 11 = 4*r - 13. Give l(r).
14
Let x(s) = -2 - 618*s**3 + 0 + s**2 + 3 + 0 + 617*s**3. Let a be 21*(-6)/18 + 10. What is x(a)?
-17
Let k(x) = 9*x**2 + 5*x + 14. Let a(i) be the second derivative of 34*i - 7/2*i**2 - 1/2*i**3 + 0 - 1/3*i**4. Let u(r) = -7*a(r) - 3*k(r). Give u(-5).
2
Let j(s) = 8*s - 18. Let o(c) = 65*c - 150. Let i(z) = 50*j(z) - 6*o(z). Let t(u) = 2*u**3 - 23*u**2 - 13*u + 11. Let l be t(12). What is i(l)?
-10
Let k(q) = q**2 + 23*q + 17. Let r(l) = 21*l - 799. Let z be r(37). What is k(z)?
-5
Suppose 2*f - 4*r - 662 = -68, 4*f + 5*r = 1240. Let n = -312 + f. Let u(m) = m - 7. Give u(n).
-14
Let k(n) = n**2 + 32*n + 33. Let c(y) = -3*y. Let l(p) = -5*c(p) - k(p). What is l(-14)?
9
Suppose -7 = -o - 5. Suppose -3*v = -0*u + u, u = -4*v - 2. Let d(y) = 8 + y**3 - 13 - 7*y**o + 4*y**2 - u*y. Determine d(5).
15
Let o(p) = -11*p + 340. Suppose 433*i = 133*i + 9600. Calculate o(i).
-12
Let v(o) = -2*o**2 + 2*o - 13. Let y = -12886 + 12882. Determine v(y).
-53
Let o be -4*(4/8 + 0). Let j(a) = 16*a + 33. Let z be j(o). Let c(d) = -23*d**3 - 2*d**2 + d. Determine c(z).
-24
Let k(m) = -m**2 - 3*m + 14. Let w be ((-30)/3)/1 - (6 + (-80)/10). Determine k(w).
-26
Let y(r) = 19*r - 6. Let x = -1460 - -1462. What is y(x)?
32
Suppose -37*a + 106 = -116. Let c(d) = d**2 - 4*d - 14. Calculate c(a).
-2
Let b(m) = m**3 - 3*m**2 - 5*m + 1. Let w be -1*(-4)/10 + (-858)/(-330). Suppose w*x = 8*x - 20. What is b(x)?
-3
Let c(j) = -j + 10. Let r(i) = i + 0*i - 24*i + 63 + i**2 - i. Let m be r(22). What is c(m)?
-9
Let r = -244 + 272. Let v(w) = -w**2 + 26*w + 48. Let q be v(r). Let o(u) be the second derivative of -u**3/6 - 5*u**2/2 - u. Determine o(q).
3
Let v(i) = -i**3 - 20*i**2 + 2*i + 44. Let y be v(-21). Let p = y - 448. Let u(z) = z**2 + 5*z + 4. Determine u(p).
4
Let f(v) be the second derivative of -7/2*v**2 - 1/2*v**3 + 27*v + 0 + 1/12*v**4. Calculate f(6).
11
Let g(a) = -26*a**2 - 29*a + 49*a**2 - 35 - 24*a**2. Let l be g(-28). Let n(t) = t**2 + 9*t + 2. Calculate n(l).
-12
Let o(f) = -f**3 - 4*f**2 + 6*f - 5. Let y(u) = -u**2 + 13*u - 17. Let v = -209 - -134. Let q be v/(-10)*8/5. Let w be y(q). Calculate o(w).
-10
Let w(h) = h**2 + 5*h + 3. Let k be w(-5). Let y(o) = -4*o + 34. Let i be y(8). Let s(x) = -x + 21*x**2 - 63*x**2 + 20*x**2 + 23*x**i. Calculate s(k).
6
Let w(q) be the second derivative of -31 + 5*q**2 - 1/3*q**3 + q. Determine w(-8).
26
Let u(n) = 2*n**2 + 7*n - 2. Let p = -75 - -65. Let m = -69 - p. Let o = -64 - m. Calculate u(o).
13
Let k(n) = -n**3 - 4*n**2 - n + 1. Suppose 15*d - 6665 = -16*d. Let p = d - 217. Give k(p).
-5
Let n = -328 - -340. Let y(a) = -a**3 + n*a**2 + 157*a + 17 + 156*a - 302*a. Calculate y(13).
-9
Let q = 6 + -17. Let w(h) be the first derivative of -h**4/24 - h**3/3 + 5*h**2/2 + 5. Let c(y) be the second derivative of w(y). Determine c(q).
9
Let a(y) = -y - 2440*y**3 + 4881*y**3 - 2442*y**3. Let u = -1 - -4. Let r be (12 - u)/3 - 3. Determine a(r).
0
Let w(q) = q + 7 + 3 - 11*q + 3 - 8*q**2 + q**3. Suppose -8*m = -2*k - 6*m + 16, -k + 12 = 3*m. Let n be w(k). Let a(b) = b**2 - 5*b + 3. Calculate a(n).
-1
Let m(b) = 10*b**2 + 6*b + 3. Let k(u) = 19*u**2 + 14*u + 7. Suppose -128 = 7*r - 39*r. Let c(l) = r*k(l) - 9*m(l). What is c(-1)?
-15
Let m = -84 + 85. Let f be (14 - 10)/(m - -1). Suppose 5*a + 28 = 2*v, -5 = f*v - 3. Let p(o) = -o**2 - 8*o - 4. Determine p(a).
8
Let j(v) = 2*v**2 - 15*v - 10. Let x be 215710/(-212) + -1*10/(-4). Let g = x + 1023. Calculate j(g).
-2
Let c(p) be the third derivative of 5/2*p**3 + 0*p - 7/24*p**4 + 0 - 199*p**2 - 1/60*p**5. Determine c(-8).
7
Let f(d) = -d**3 + 2*d**2 - d + 4. Let u be f(3). Let w(h) be the first derivative of -h**3/3 - 4*h**2 + 7*h - 29. Give w(u).
7
Let c = -37055 - -37055. Let j(s) = -s**3 + 2*s - 111. Calculate j(c).
-111
Let k = 2696 - 1605. Let c(l) = k*l + 13 + 1 - 1089*l. Determine c(-6).
2
Let o(m) = -3*m - 52. Let l be o(-4). Let k be (-38)/(-133) + l/(-7). Let d(q) = 3*q - 8. Give d(k).
10
Let t(k) = -k**3 + 8*k**2 + 8*k + 2. Suppose -3*m + 24 = -3*l, 33*m + 3*l - 72 = 28*m. Let w be m/(-9) - (25/(-3) + -2). Calculate t(w).
-7
Let s(h) be the third derivative of h**4/12 - 5*h**3/2 + 60*h**2 + 18. Let q = -5 + 14. Determine s(q).
3
Let i(v) = -9*v**2 - 7*v + 2. Let p(a) = -5*a**2 - 4*a + 1. Let h(g) = 3*i(g) - 5*p(g). Let u(b) = 7*b**2 - 5*b - 4. Let r(j) = 4*h(j) + u(j). What is r(-8)?
8
Suppose -13*q + 41*q = -28. Let y(x) = -15*x - 12. Determine y(q).
3
Let a(m) = -m**2 + 15*m + 6. Let v = 44 + -28. Calculate a(v).
-10
Let o be (2 + -4 + -3)/((-1)/1). Let y(l) be the second derivative of l**5/40 - l**4/12 - l**3/2 + l. Let u(k) be the second derivative of y(k). Give u(o).
13
Let h(f) = -9*f - 2. Let r be (-5 - (-1 - 3))*(-99 + -2). Let b = 103 - r. Calculate h(b).
-20
Let v(z) = z**2 - 2*z + 5. Let k(l) = -l**2 + 16*l - 1. Let t be k(11). Suppose -9 = 9*b - t. Determine v(b).
20
Let y(n) = -4 + 1 - 4*n - n + n**3 + 2*n**2. Suppose 457*f + 333*f + 3288 = -116*f + 84*f. Determine y(f).
-15
Let a(y) be the first derivative of -y**4/12 + y**3/3 + y**2/2 - y + 1. Let q(u) be the first derivative of a(u). Suppose 0 = 98*w - 375 + 571. Calculate q(w).
-7
Suppose -6*j + 2*j = 12. Let r(i) be the third derivative of 1/30*i**5 + 1/24*i**4 + 0 + 10*i**2 + 0*i**3 + 0*i + 1/120*i**6. What is r(j)?
-12
Let r(u) = -2*u + 12. Let d be (-5)/1*(0 + 5 + -6). Give r(d).
2
Let x(n) = -17*n + 294. Let r be x(17). Let l(s) = 20*s - 105. Give l(r).
-5
Let u(i) = -45*i + 186. Let o = 11087 - 11083. Calculate u(o).
6
Let t(u) be the first derivative of -40 - 2/3*u**4 + 1/2*u**2 - 1/6*u**3 + 7*u. Let w(p) be the first derivative of t(p). Calculate w(1).
-8
Let y(k) = -k**3 - 21*k**2 - 20*k - 5. Let h be (-8 + 6)/(33/30 + 4 + -5). Give y(h).
-5
Let h = 702 - 575. Let b = -161 - -43. Let l = b + h. Let f(j) = -j + 4. Give f(l).
-5
Let k(j) be the first derivative of -j**4/2 - j**3/3 + 15*j**2/2 + 3*j - 5676. What is k(-3)?
3
Let z(p) = -4 + 2870*p - 10*p**2 - 2888*p + 11*p**2. What is z(18)?
-4
Let q(b) = -2*b**2 + 27*b 